{"id":954,"date":"2024-01-22T13:25:53","date_gmt":"2024-01-22T12:25:53","guid":{"rendered":"https:\/\/delphipools.eu\/?page_id=954"},"modified":"2024-01-22T13:26:53","modified_gmt":"2024-01-22T12:26:53","slug":"przygotowanie-basenu-do-zimy","status":"publish","type":"page","link":"https:\/\/delphipools.eu\/?page_id=954&lang=pl","title":{"rendered":"Przygotowanie basenu do zimy"},"content":{"rendered":"\n<p><strong>Czynno\u015bci podane poni\u017cej s\u0105 niezb\u0119dne, je\u015bli Pa\u0144stwa basen ma s\u0142u\u017cy\u0107 Wam w przysz\u0142ym roku.\u00a0<\/strong><\/p>\n\n\n\n<p><strong>Powinni Pa\u0144stwo przede wszystkim zadba\u0107 o osuszenie instalacji oraz zabezpieczenie urz\u0105dze\u0144 technologicznych zalanych wod\u0105 i nara\u017conych na dzia\u0142anie ujemnych temperatur.&nbsp;<\/strong><\/p>\n\n\n\n<p><strong>PRZYGOTOWANIE&nbsp;<\/strong><\/p>\n\n\n\n<p>Nie nale\u017cy wypuszcza\u0107 ca\u0142ej wody, kt\u00f3ra tak\u017ce r\u00f3wnowa\u017cy napory gruntu na nieck\u0119. Wystarczy opr\u00f3\u017cni\u0107 basen o 10cm poni\u017cej poziomu dysz nap\u0142ywowych lub lamp.&nbsp;<\/p>\n\n\n\n<p><strong>W tym celu nale\u017cy pos\u0142u\u017cy\u0107 si\u0119 pompk\u0105 zewn\u0119trzn\u0105.&nbsp;<\/strong><\/p>\n\n\n\n<p>Kiedy woda opadnie poni\u017cej poziomu dysz nap\u0142ywowych nale\u017cy ustawi\u0107 zaw\u00f3r sze\u015bciodrogowy na pozycj\u0119 \/ <strong>FILTRACJA <\/strong>\/, otworzy\u0107 zawory dysz nap\u0142ywowych i skimmera, a nast\u0119pnie na kr\u00f3tk\u0105&nbsp; chwil\u0119 uruchomi\u0107 pomp\u0119 tak by nadmiar wody zalegaj\u0105cy w rurach zosta\u0142 wyrzucony do basenu.&nbsp;<\/p>\n\n\n\n<p>Pompa nie mo\u017ce pracowa\u0107 zbyt d\u0142ugo \u201ena sucho\u201d poniewa\u017c mo\u017ce zosta\u0107 uszkodzona.&nbsp;<\/p>\n\n\n\n<p>Kiedy orurowanie zostanie wst\u0119pnie osuszone nale\u017cy zaw\u00f3r sze\u015bciodrogowy ustawi\u0107 na pozycji \/ <strong>ZAMKNI\u0118TY <\/strong>\/ i poluzowa\u0107 \u015brubunki \u0142\u0105cz\u0105ce pomp\u0119 z rurami. Prosz\u0119 nie odkr\u0119ca\u0107 \u015brubunk\u00f3w od razu a robi\u0107 to stopniowo. Dodatkowo zalecamy przygotowa\u0107 wi\u0119ksze naczynie, gdy\u017c w rurach z pewno\u015bci\u0105 zosta\u0142 jeszcze nadmiar wody. Woda, kt\u00f3ra pozosta\u0142a w rurach sp\u0142ynie grawitacyjnie do naczynia. Rozkr\u0119ci\u0107 ca\u0142kowicie \u015brubunki, a pozosta\u0142\u0105 w rurach wod\u0119 spu\u015bci\u0107 po zdemontowaniu pompy. Mo\u017cna r\u00f3wnie\u017c zakr\u0119ci\u0107 zawory dysz nap\u0142ywowych i skimmera.&nbsp;<\/p>\n\n\n\n<p>Po ca\u0142kowitym osuszeniu instalacji Ci z Pa\u0144stwa, kt\u00f3rzy posiadaj\u0105 zewn\u0119trzne maszynownie powinni wyj\u0105\u0107 pomp\u0119 i schowa\u0107 j\u0105 w ciep\u0142ym miejscu. Je\u017celi mamy do czynienia z filtrem piaskowym, zbiornik piaskowy nale\u017cy r\u00f3wnie\u017c osuszy\u0107. W dolnej cz\u0119\u015bci zbiornika umieszczony jest zaw\u00f3r s\u0142u\u017c\u0105cy do osuszania zbiornika piaskowego. Na tym ko\u0144cz\u0105 si\u0119 prace dotycz\u0105ce instalacji.&nbsp;<\/p>\n\n\n\n<p><strong>ZABEZPIECZENIE NIECKI&nbsp;<\/strong><\/p>\n\n\n\n<p>Spos\u00f3b jest prosty. Nale\u017cy wla\u0107 do wody odpowiedni\u0105 ilo\u015b\u0107 \u015brodka OCHRONY ZIMOWEJ firmy Chemoform CALZEOS. Zapobiegnie on gwa\u0142townemu rozwojowi glon\u00f3w w okresie niestosowania chemii. W nast\u0119pnej kolejno\u015bci nale\u017cy zadba\u0107 o foli\u0119 przekrywaj\u0105c\u0105 (mo\u017ce by\u0107 to zwyk\u0142a folia ogrodnicza &#8211; tunelowa), kt\u00f3r\u0105 przykrywamy basen tak, aby wsz\u0119dzie dotyka\u0142a lustra wody i wznosi\u0142a si\u0119 w g\u00f3r\u0119 tu\u017c przy \u015bcianach. Obrze\u017ca folii nale\u017cy docisn\u0105\u0107 do pod\u0142o\u017ca zabezpieczaj\u0105c przed wiatrem lub osuni\u0119ciem do basenu.&nbsp;<\/p>\n\n\n\n<p>Pomp\u0119 masa\u017cu wodnego (przeciwpr\u0105du) nale\u017cy r\u00f3wnie\u017c zdemontowa\u0107, czyli zakr\u0119ci\u0107 zawory kulowe, od\u0142\u0105czy\u0107 dop\u0142yw pr\u0105du na sterownik elektryczny oraz roz\u0142\u0105czy\u0107 po\u0142\u0105czenia elektryczne z pomp\u0105, rozkr\u0119ci\u0107 pomp\u0119 na \u015brubunkach, osuszy\u0107 j\u0105 i przenie\u015b\u0107 w ciep\u0142e suche miejsce.<br>Przy obecno\u015bci zadaszenia basenu przykrywanie lustra wody jest zb\u0119dne, lecz pami\u0119ta\u0107 nale\u017cy o w\u0142a\u015bciwym zabezpieczeniu zadaszenia (zakotwieniu segment\u00f3w do pod\u0142o\u017ca i profili jezdnych) oraz o usuwaniu pokrywy zalegaj\u0105cego \u015bniegu (szczeg\u00f3lnie mokrego) tak, aby nie przekracza\u0142a 10cm.&nbsp;<\/p>\n\n\n\n<p>Tak zabezpieczony basen przezimuje bez uszczerbku na jako\u015bci i z ca\u0142\u0105 pewno\u015bci\u0105 b\u0119dzie s\u0142u\u017cy\u0142 Pa\u0144stwu przez d\u0142ugie lata.&nbsp;<\/p>\n\n\n\n<p>ALTERNATYWNE PRZYKRYCIA&nbsp;<\/p>\n\n\n\n<p>W poradniku powy\u017cej przedstawiamy najprostrze zabezpieczenie basenu bez du\u017cego nak\u0142adu finansowego. Na rynku oraz w naszej ofercie mo\u017cna znale\u017a\u0107 alternatywy dla foli budowlanej. Najlepsz\u0105 opcj\u0105 jest modu\u0142owe zadaszenie basenowe, kt\u00f3re pe\u0142ni r\u00f3wnie\u017c funkcj\u0119 ochronn\u0105 i termoizolacyjn\u0105 w trakcie sezonu. Pozwala na wyd\u0142u\u017cenie sezonu k\u0105pielowego oraz oszcz\u0119dno\u015bci zwi\u0105zane z ogrzewaniem wody. Kolejn\u0105 alternatyw\u0105 s\u0105 przykrycia zimowe, niskim kosztem mo\u017cemy zabezpieczy\u0107 basen do zimy. Zapraszamy do zapoznania si\u0119 z nasz\u0105 ofert\u0105.&nbsp;<\/p>\n\n\n\n<p>NALE\u017bY PAMI\u0118TA\u0106&nbsp;<\/p>\n\n\n\n<ul class=\"wp-block-list\">\n<li>Nie nale\u017cy wypuszcza\u0107 ca\u0142ej wody, kt\u00f3ra tak\u017ce r\u00f3wnowa\u017cy napory gruntu na nieck\u0119. Wystarczy opr\u00f3\u017cni\u0107 basen o 10cm poni\u017cej najni\u017cej zamontowanych element\u00f3w plastikowych.<br><\/li>\n\n\n\n<li>Glony oraz zabrudzenia znajduj\u0105ce si\u0119 na \u015bcianach nale\u017cy usun\u0105\u0107 tak, aby nie przysch\u0142y do \u015bcian basenu. Wod\u0119 r\u00f3wnie\u017c doprowadzamy do czysto\u015bci.<br><\/li>\n\n\n\n<li>Po opuszczeniu wody poni\u017cej dysz i skimmera, na kr\u00f3tk\u0105 chwil\u0119 uruchomi\u0107 pomp\u0119 tak by nadmiar wody zalegaj\u0105cy w rurach zosta\u0142 wyrzucony do basenu. (pompa nie mo\u017ce pracowa\u0107 zbyt d\u0142ugo &#8222;na sucho&#8221;!)<br><\/li>\n\n\n\n<li>Pozbywamy si\u0119 wody z urz\u0105dze\u0144 (pompy, filtry, pompy ciep\u0142a itp.), a nast\u0119pnie zalecamy demonta\u017c i magazynowanie w cieplejszym pomieszczeniu (gara\u017c, piwnica) na okres zimowy.<br><\/li>\n\n\n\n<li>Pozostawiona instalacja jest \u015bwietnym schronienim dla szkodnik\u00f3w, zatkaj i zabezpiecz przewody.<br><\/li>\n\n\n\n<li>Solidnie zabezpiecz brzegi folii aby silne podmuchy wiatru nie podnosi\u0142y zabezpieczenia<br><\/li>\n<\/ul>\n","protected":false},"excerpt":{"rendered":"<p>Czynno\u015bci podane poni\u017cej s\u0105 niezb\u0119dne, je\u015bli Pa\u0144stwa basen ma s\u0142u\u017cy\u0107 Wam w przysz\u0142ym roku.\u00a0 Powinni Pa\u0144stwo przede wszystkim zadba\u0107 o osuszenie instalacji oraz zabezpieczenie urz\u0105dze\u0144 technologicznych zalanych wod\u0105 i nara\u017conych na dzia\u0142anie ujemnych temperatur.&nbsp; PRZYGOTOWANIE&nbsp; Nie nale\u017cy wypuszcza\u0107 ca\u0142ej wody, kt\u00f3ra tak\u017ce r\u00f3wnowa\u017cy napory gruntu na nieck\u0119. Wystarczy opr\u00f3\u017cni\u0107 basen o 10cm poni\u017cej poziomu dysz&hellip;&nbsp;<a href=\"https:\/\/delphipools.eu\/?page_id=954&#038;lang=pl\" rel=\"bookmark\"><span class=\"screen-reader-text\">Przygotowanie basenu do zimy<\/span><\/a><\/p>\n","protected":false},"author":1,"featured_media":741,"parent":0,"menu_order":0,"comment_status":"closed","ping_status":"closed","template":"","meta":{"neve_meta_sidebar":"","neve_meta_container":"","neve_meta_enable_content_width":"","neve_meta_content_width":0,"neve_meta_title_alignment":"","neve_meta_author_avatar":"","neve_post_elements_order":"","neve_meta_disable_header":"","neve_meta_disable_footer":"","neve_meta_disable_title":"","ngg_post_thumbnail":0,"footnotes":""},"class_list":["post-954","page","type-page","status-publish","has-post-thumbnail","hentry"],"_links":{"self":[{"href":"https:\/\/delphipools.eu\/index.php?rest_route=\/wp\/v2\/pages\/954","targetHints":{"allow":["GET"]}}],"collection":[{"href":"https:\/\/delphipools.eu\/index.php?rest_route=\/wp\/v2\/pages"}],"about":[{"href":"https:\/\/delphipools.eu\/index.php?rest_route=\/wp\/v2\/types\/page"}],"author":[{"embeddable":true,"href":"https:\/\/delphipools.eu\/index.php?rest_route=\/wp\/v2\/users\/1"}],"replies":[{"embeddable":true,"href":"https:\/\/delphipools.eu\/index.php?rest_route=%2Fwp%2Fv2%2Fcomments&post=954"}],"version-history":[{"count":2,"href":"https:\/\/delphipools.eu\/index.php?rest_route=\/wp\/v2\/pages\/954\/revisions"}],"predecessor-version":[{"id":956,"href":"https:\/\/delphipools.eu\/index.php?rest_route=\/wp\/v2\/pages\/954\/revisions\/956"}],"wp:featuredmedia":[{"embeddable":true,"href":"https:\/\/delphipools.eu\/index.php?rest_route=\/wp\/v2\/media\/741"}],"wp:attachment":[{"href":"https:\/\/delphipools.eu\/index.php?rest_route=%2Fwp%2Fv2%2Fmedia&parent=954"}],"curies":[{"name":"wp","href":"https:\/\/api.w.org\/{rel}","templated":true}]}}